{"id":71,"date":"2010-01-28T16:57:21","date_gmt":"2010-01-28T15:57:21","guid":{"rendered":"http:\/\/bauchfletscher.de\/?page_id=71"},"modified":"2018-09-21T21:05:55","modified_gmt":"2018-09-21T20:05:55","slug":"impressum","status":"publish","type":"page","link":"https:\/\/bauchfletscher.de\/?page_id=71","title":{"rendered":"impressum"},"content":{"rendered":"<p><strong style=\"font-weight: bold\">Redakteur (verantwortlich im Sinne des MdStV)<\/strong><\/p>\n<p>F\u00fcr die Inhalt dieser Seiten ist Sascha Bunge, geb. Harden verantwortlich. Diese Seiten sind rein privat, mit ihr werden keine kommerziellen Interessen verfolgt. Sascha Bunge ist \u00fcber folgende elektronische Postadresse zu erreichen:<\/p>\n<p style=\"text-align: center\">elektronischePost (Klammeraffe) bauchfletscher (Punkt) de<\/p>\n<p><strong style=\"font-weight: bold\">Copyright\/left (Urheberrechte)<\/strong><\/p>\n<p>Alle Texte, Bilder und Programme sind weltweit urheberrechtlich gesch\u00fctzt. Es gelten f\u00fcr alle die im einzelnen angegebenen Urheberrechte.<\/p>\n<p>Die auf diesen Seiten genannten Produktbezeichnungen und Firmennamen sind Eigentum der jeweiligen Inhaber und unterliegen als solche dem gesetzlichen Warenzeichen-, Marken- und\/oder patentrechtlichem Schutz.<\/p>\n<p>Eine Gegendarstellungsanspruch gilt nur im Sinne des \u00a710 MsStV.<\/p>\n<p><strong style=\"font-weight: bold\">Haftungsausschluss<\/strong><\/p>\n<p>Die Inhalte auf diesen Seiten sind nach bestem Wissen und Gewissen zusammengestellt worden. Eine Haftung auf Vollst\u00e4ndigkeit, Aktualit\u00e4t und die Richtigkeit der Inhalte wird in keinem Fall \u00fcbernommen. Die Inhalte der Internetadressen, auf die diese Seiten mit Verkn\u00fcpfungen verweisen, entziehen sich der Kontrolle und Verantwortlichkeit des Verantworlichen dieser Informationsseiten. Wenn Sie diesen Verkn\u00fcpfungen folgen oder genannte Programme verwenden, dann tun Sie dies auf eigene Gefahr.<\/p>\n<p><strong style=\"font-weight: bold\">Salvatorische Klausel<\/strong><\/p>\n<p>Ist eine der vorstehenden Klauseln\/Bestimmungen aufgrund gesetzlicher Bestimmungen, Vorschriften oder Gesetze ganz oder teilweise unwirksam, so tritt an die Stelle dieser Bestimmung diejenige in Kraft, die der angestrebten Absicht der Klausel\/Bestimmung am n\u00e4chsten kommt. Alle anderen Bestimmungen bleiben hiervon unber\u00fchrt und gelten weiterhin in vollem Umfang.<\/p>\n","protected":false},"excerpt":{"rendered":"<p>Redakteur (verantwortlich im Sinne des MdStV) F\u00fcr die Inhalt dieser Seiten ist Sascha Bunge, geb. Harden verantwortlich. Diese Seiten sind rein privat, mit ihr werden keine kommerziellen Interessen verfolgt. Sascha Bunge ist \u00fcber folgende elektronische Postadresse zu erreichen: elektronischePost (Klammeraffe) bauchfletscher (Punkt) de Copyright\/left (Urheberrechte) Alle Texte, Bilder und Programme sind weltweit urheberrechtlich gesch\u00fctzt. Es [&hellip;]<\/p>\n","protected":false},"author":1,"featured_media":0,"parent":0,"menu_order":0,"comment_status":"closed","ping_status":"closed","template":"","meta":{"footnotes":""},"class_list":["post-71","page","type-page","status-publish","hentry"],"_links":{"self":[{"href":"https:\/\/bauchfletscher.de\/index.php?rest_route=\/wp\/v2\/pages\/71","targetHints":{"allow":["GET"]}}],"collection":[{"href":"https:\/\/bauchfletscher.de\/index.php?rest_route=\/wp\/v2\/pages"}],"about":[{"href":"https:\/\/bauchfletscher.de\/index.php?rest_route=\/wp\/v2\/types\/page"}],"author":[{"embeddable":true,"href":"https:\/\/bauchfletscher.de\/index.php?rest_route=\/wp\/v2\/users\/1"}],"replies":[{"embeddable":true,"href":"https:\/\/bauchfletscher.de\/index.php?rest_route=%2Fwp%2Fv2%2Fcomments&post=71"}],"version-history":[{"count":3,"href":"https:\/\/bauchfletscher.de\/index.php?rest_route=\/wp\/v2\/pages\/71\/revisions"}],"predecessor-version":[{"id":249,"href":"https:\/\/bauchfletscher.de\/index.php?rest_route=\/wp\/v2\/pages\/71\/revisions\/249"}],"wp:attachment":[{"href":"https:\/\/bauchfletscher.de\/index.php?rest_route=%2Fwp%2Fv2%2Fmedia&parent=71"}],"curies":[{"name":"wp","href":"https:\/\/api.w.org\/{rel}","templated":true}]}}